inder when 65 is divided by k(-5).
15
Let m(k) = 3*k + 21. Let b = 7 + -7. Let f be m(b). Let s = -13 + f. What is the remainder when 29 is divided by s?
5
Let z(i) = 5*i + 90. Calculate the remainder when 47 is divided by z(-15).
2
Let q be 24/8 + -1 + -5. Let y = q - -8. Suppose 0 = -6*u + y*u + 16. Calculate the remainder when 45 is divided by u.
13
Calculate the remainder when 3 is divided by 4/((1/(-3))/(1/(-6))).
1
Let d = 131 + -132. What is the remainder when d*4/14 - 17847/(-63) is divided by 11?
8
Let c = -506 + 522. Suppose -3*g = 8 + 1, 4*j + 12 = -4*g. Suppose 0 = -j*z + z - 6. What is the remainder when c is divided by z?
4
Let g = -114 + 163. Suppose -2*q + 3 = -g. Calculate the remainder when 74 is divided by q.
22
Let z = 179 - -15. What is the remainder when z is divided by 7?
5
Let u(n) = -n**2 + 26*n - 158. Calculate the remainder when 108 is divided by u(15).
3
Suppose 144 = -8*n + 17*n. Calculate the remainder when 574 is divided by n.
14
What is the remainder when 8 is divided by (-375)/(-1250) - 17/(-10)?
0
Suppose i + 5 = 4*o + 13, o - 1 = 0. What is the remainder when 3 - 2 - -2 - -39 is divided by i?
6
Let h = -354 - -488. What is the remainder when h is divided by 69?
65
Let j = 2525 + -2519. Calculate the remainder when 70 is divided by j.
4
Suppose 0 = 9*f - 11*f + 104. Suppose 6*c - 230 = f. What is the remainder when c is divided by 12?
11
Let t = 600 - 497. What is the remainder when t is divided by 35?
33
Let a = -121 + 130. What is the remainder when 97 is divided by a?
7
Let c be 33/2 - (-6)/12. Let t = 9 - c. What is the remainder when 22 is divided by t/(-32) - (-23)/4?
4
Let w = 456 - 306. What is the remainder when w is divided by 26*((-1)/2 - -2)?
33
Let w be (-3)/(-12) - 140/(-16). Suppose -83 = -2*b - w. Suppose o = -2*o + 39. What is the remainder when b is divided by o?
11
Let z be ((-1)/(-3))/((-1)/(-9))*-1. What is the remainder when z/1 - 348/(-4) is divided by 17?
16
Suppose 150 = 7*x + 3*x. What is the remainder when 37 is divided by x?
7
Let b(a) = -a**3 - 24*a**2 + 3*a + 30. Let z be b(-24). Let n = -320 + 671. What is the remainder when n/(-2)*28/z is divided by 30?
27
Suppose 16 - 1303 = -13*z. Calculate the remainder when 195 is divided by z.
96
Let a(n) = 8*n + 425. Calculate the remainder when 174 is divided by a(-45).
44
Let d(k) = -2*k + 6. Let w be d(13). Calculate the remainder when 47 is divided by 2/(-1) - (w - -2).
15
Let z(k) = 2*k + 23. Let q be z(13). Suppose -86 - q = -5*f. Suppose -3*v = -f - 63. What is the remainder when v is divided by 11?
8
Let v = 2138 - 1145. What is the remainder when v is divided by 71?
70
Let s(i) = -2*i**2 + 24*i + 140. What is the remainder when 56 is divided by s(15)?
6
Let u = -19 - -29. Suppose -5*a - 170 = -u*a. Calculate the remainder when a is divided by 9.
7
Suppose 4*g = -5*p + 374, -4*g = 5*p + g - 370. Calculate the remainder when p is divided by 14.
8
Let v be -4*1 + (19 - 11). Let w = v - -11. What is the remainder when 59 is divided by w?
14
Suppose -6*d - u + 56 = -d, -3*d - u + 32 = 0. Calculate the remainder when 44 is divided by d.
8
Suppose -1476 - 144 = -15*m. Calculate the remainder when m is divided by 39.
30
Let m(t) = t - 1. Let y be m(4). Suppose -4*a + 448 = y*g + a, -2*g = -4*a - 306. Suppose 0 = 7*j - g - 108. What is the remainder when j is divided by 13?
11
Let i(h) = -h**3 + 5*h**2 - 3*h - 1. What is the remainder when -10*(54/(-15))/9 is divided by i(4)?
1
Let j(f) = -6*f - 24. Let n be j(-19). Suppose 22 = 4*z - n. Calculate the remainder when 54 is divided by z.
26
Let z be (12/(-18))/(1/(-3)). Suppose -3*w = -4*l + 130, -3*w = -l + z*l - 40. Let a = 74 - -25. What is the remainder when a is divided by l?
31
Suppose 22*c + 106 - 502 = 0. What is the remainder when 76 is divided by c?
4
What is the remainder when (-4)/(-30) - (-7616)/255 is divided by 11?
8
Let h(v) = 17*v**3 + 2*v**2 - 2*v + 1. Let m(t) = 58*t + 1. Let g be m(3). Suppose -8*o - g = -13*o. Calculate the remainder when o is divided by h(1).
17
Let x = 34 + -22. Let i(g) = 7*g + 549. Calculate the remainder when i(-72) is divided by x.
9
Suppose 5*s + 206 = 4*k + 1656, s - 261 = -5*k. Calculate the remainder when s is divided by 41.
40
Suppose d - 12*n - 67 = -14*n, -3*n + 12 = 0. What is the remainder when d is divided by 22?
15
Let t(x) = -59*x - 522. Calculate the remainder when 204 is divided by t(-9).
6
Let b = 268 + -157. What is the remainder when b is divided by 28?
27
Suppose p + f = 492, -4*p - 3*f = 2*f - 1967. What is the remainder when p is divided by 4?
1
Suppose -4*h + 2*f + 44 = 0, 4*f - 16 = -0*f. What is the remainder when 102 is divided by h?
11
Let j(o) = o**2 - 35*o + 64. What is the remainder when j(34) is divided by -22*(-2 - 9/(-6))?
8
Let u be (34/(-3))/(-3*6/(-27)). Let f = u + 31. Calculate the remainder when 39 is divided by f.
11
Let f = -4 + 6. Suppose 0 = u - f. Let m(w) = w**2 - 10*w - 19. Calculate the remainder when m(12) is divided by u.
1
Suppose -2*k = -8, 613 = 3*t - 26*k + 27*k. Let m(q) = -3*q**3 - 2*q**2 + 4*q + 1. What is the remainder when t is divided by m(-3)?
47
Let a(z) = z**2 - z - 3. Let u be a(-3). Suppose 5*n - 49 = -u. Suppose 0 = -2*c + 3*g + 41, c - n - 16 = 5*g. What is the remainder when 75 is divided by c?
18
Suppose 54 = 3*o - 2*v + 7*v, -3*v = -4*o + 101. Suppose l + 12 = 3*j + 2*j, -l = 2*j - o. What is the remainder when 22 is divided by l?
9
Let m(j) = -j**2 + 7*j - 2. Let x be m(6). Suppose 0*l = -x*l + 424. What is the remainder when l is divided by 27?
25
Let o(b) = -2*b + 23. Let p be 0/(-19)*1/2. What is the remainder when o(p) is divided by 12?
11
Suppose -2*z = z - 117. Let v = -15 + z. What is the remainder when 95 is divided by v?
23
Let s(f) = 2*f - 53. Let t be s(-11). Let g = t + 130. Calculate the remainder when g is divided by 28.
27
Suppose -79 = -4*p - 3*r + 1, -r + 60 = 3*p. Suppose 145 = -3*h + 436. What is the remainder when h is divided by p?
17
Let g = -26 - -207. Suppose 3*u - g = -5*d, -3*u + u = -5*d + 171. Calculate the remainder when 102 is divided by d.
32
Suppose -2*d - 2*t - 34 = -8, -4*d - 2*t = 42. Suppose -4*k = 3*a - 14, -5*a + 11*k = 8*k - 4. What is the remainder when (4 - d/a)*7 is divided by 20?
16
Let s(a) = -3*a**3 + 5*a**2 + 2*a - 3. Suppose 8*n = 11*n + 9. What is the remainder when s(n) is divided by 15?
12
Let k(r) = -5*r + 2. Let q be k(3). What is the remainder when 112 is divided by q/(13/(-42)) - 4?
36
Suppose 12*y = 8*y + 404. Let r = 150 - y. Calculate the remainder when r is divided by 17.
15
Let o(v) = v**2 - 9*v + 24. Let g be o(5). Suppose k - 95 = 4*z, 405 = g*k + 3*z + 120. Calculate the remainder when k is divided by 26.
23
Suppose 0 = -5*h - 2*v + 215, 3*v - 5*v - 190 = -4*h. Calculate the remainder when 72 is divided by h.
27
What is the remainder when 114*(4 + -2) + 1 is divided by 7?
5
Let g(q) = q**3 - 2*q - 2. Let v be g(3). Let x = 27 - v. Suppose r = -2*i - 2*i + x, r + i - 5 = 0. Calculate the remainder when 13 is divided by r.
1
Let h(b) = 42*b**2 - 3*b + 3*b - 41*b**2 - 2. Let p be h(-2). Calculate the remainder when 3 is divided by (p - 3) + (1 - -2).
1
Suppose -5*j = -5*f + 100, 17 = -196*f + 197*f - 2*j. Calculate the remainder when f is divided by 6/(-4)*20/(-6).
3
Let l = -649 + 1187. What is the remainder when l is divided by 18?
16
Let a = -281 + 405. Suppose -a = 4*y - 6*y + 4*r, 0 = 4*y - r - 234. What is the remainder when 288 is divided by y?
56
Suppose -t = 2*d - 4, -8 = 3*t - 2*d - 2*d. Let p(b) = b**2 + 5*b - 60. Calculate the remainder when (13 - -2) + t + 0 is divided by p(-11).
3
Suppose 2*m = 7*m - 105. Let h(r) = 2*r**3 - 2*r**2 + 3*r - 3. Let s be h(2). Let k(d) = -d**2 + 16*d + 5. Calculate the remainder when k(s) is divided by m.
18
Let h = 32 - 26. Suppose h*s - 45 = 63. What is the remainder when 69 is divided by s?
15
Let o(c) = 26*c + 1. Suppose -106 = -5*b + 154. Calculate the remainder when b is divided by o(1).
25
Let h = 31 + -29. Suppose 4*t + 3*i - 791 = 8*i, 0 = -3*t - h*i + 576. What is the remainder when t is divided by 28?
26
Calculate the remainder when (-198)/231*(-83 - 1) is divided by 27.
18
Suppose 4*r - 26 = -2*l - l, 2*l = 3*r + 6. Suppose 62 = t - 0*o + 4*o, -5*t + 3*o + 218 = 